mmon divisor of b and 10?
5
Let x = 7 + -12. Let w = 10 + x. What is the highest common factor of 45 and w?
5
Suppose -2*n = 2*s - 136, -5*n + 356 - 82 = 4*s. What is the highest common divisor of 22 and s?
22
Let o(q) = 5*q + 1. Let y be o(4). Let c = y - 12. Calculate the greatest common divisor of c and 9.
9
Suppose 4*s - 170 = -s - 4*d, 10 = -2*d. What is the greatest common factor of 209 and s?
19
Let d be (4 + -8)*(-4)/1. Calculate the highest common divisor of 2 and d.
2
Let d = 7 - 6. Let u be 117 + d/(1/(-2)). Calculate the greatest common divisor of 46 and u.
23
Let v be (2/(-6))/((-17)/1377). What is the greatest common factor of v and 108?
27
Let u be (-1 - (-1 - -3)) + 3. Suppose u = 5*q - 35 - 55. What is the highest common divisor of q and 126?
18
Suppose 35 + 61 = -4*j. Let n = 59 + j. Calculate the highest common factor of n and 14.
7
Let b = -19 + 33. What is the greatest common factor of b and 98?
14
Let b(i) = -i**2 + 3*i - 3. Let m be b(-6). Suppose 5*o + g + 166 = 0, o = 3*o - g + 65. Let k = o - m. Calculate the highest common divisor of k and 16.
8
Suppose 9 + 3 = -3*r. Let d(i) = -1 + 2 + 0 - 11*i. Let u be d(r). What is the greatest common factor of 9 and u?
9
Let k be (-6)/8*(-8)/3. Let a be (-350)/(-20) + k/(-4). What is the greatest common divisor of a and 153?
17
Suppose -2*n + 405 = 3*n. Calculate the greatest common divisor of n and 9.
9
Let t = -13 - -25. Suppose -2*k = 4*v - t, 3*v - 4 = 2*k + 19. Let n be 224/v + (-2)/(-10). What is the greatest common factor of 5 and n?
5
Let v = 30 + -10. Let j = -17 + v. Calculate the greatest common factor of j and 2.
1
Let g(j) = -j**3 + 4*j**2 + 2*j - 2. Let l be g(4). Suppose -3*c - 99 = -l*c. What is the greatest common divisor of c and 3?
3
Suppose -4*f = -1 - 15. What is the greatest common divisor of 10 and f?
2
Let m = 21 - 1. Suppose 0 = 5*l - y - 22, 0*y + 35 = 4*l + 5*y. Suppose m = 5*i + l. What is the greatest common divisor of 3 and i?
3
Let n(z) = -z**2 + 4*z - 1. Let r be n(5). Let u be 1 + 0 + 7 + r. What is the highest common factor of u and 1?
1
Suppose -r + 3*w = 2, 9 = -3*r - 5*w + 31. Calculate the greatest common factor of r and 4.
4
Suppose 32 = 2*q - 112. What is the highest common factor of q and 8?
8
Suppose 0 = -3*v + o - 136, -2*v = o + 126 - 27. Let j = v - -83. Let t = 4 + j. Calculate the highest common factor of 10 and t.
10
Suppose -4*c + 59 = -73. What is the greatest common divisor of c and 165?
33
Let a = 19 + -10. Calculate the greatest common factor of a and 27.
9
Suppose -4 = 2*l - 16. Calculate the greatest common divisor of 48 and l.
6
Suppose 5*d + k = -45, 18 + 47 = -5*d + 3*k. Let q = d - -21. What is the greatest common factor of q and 44?
11
Suppose 4*f = 5*d + 4 + 33, 0 = 3*f + 3*d - 21. What is the greatest common divisor of 64 and f?
8
Suppose 4*m + 3*n = 9, -5*m - 4*n + 16 - 5 = 0. What is the greatest common factor of 2 and m?
1
Suppose 3*t - 145 = 2*o, -2*t = 2*t + o - 186. Let q(f) = -f**3 - 6*f**2 - 4. Let u be q(-5). Let i = t + u. What is the greatest common factor of i and 198?
18
Let x(d) = 5*d - 3. Let p(i) = i - 1. Let a be p(3). Suppose -2*q - 3*q + 16 = h, -a*q + 7 = h. Let s be x(q). Calculate the highest common divisor of 96 and s.
12
Let p be (89 + 0 - 2)*1. Calculate the greatest common divisor of 29 and p.
29
Suppose -12 = -3*c - 3*y, -4*c - 2*y = c - 14. Suppose c*d = 3*j - 38, -3*d - 8 = -4*j + 44. What is the greatest common factor of j and 1?
1
Suppose y - 57 = -5*j, -j + 4*y + 36 = j. Calculate the highest common factor of j and 12.
12
Suppose -2*y - 28 = -f, 3*f - 4*y + 47 - 135 = 0. Suppose -j + f = 12. What is the greatest common factor of j and 30?
10
Let c be (14/(-8))/(3/(-132)). Calculate the highest common divisor of c and 7.
7
Suppose -3*s - 4*t = -9, t - 33 = -5*s - 1. Let h(y) = -129*y - 4. Let b be h(4). Let l be b/(-72) + 4/(-18). Calculate the highest common divisor of l and s.
7
Let s = 2 - 0. Calculate the greatest common factor of 14 and s.
2
Let r(m) = -m**2 + 22*m + 33. Let k be r(22). Calculate the highest common factor of k and 11.
11
Let u(v) = v**3 - 2*v**2 - 7*v + 5. Let z be u(4). Let w = -100 + 57. Let i = w + 79. What is the highest common factor of i and z?
9
Let l be 0 + (-20 - (1 - 0)). Suppose 99*h = 104*h + 25. Let d = h - l. What is the highest common factor of d and 16?
16
Suppose -8 = 3*h - 5*h. Suppose -h*u + 135 = u. What is the highest common divisor of u and 3?
3
Let q(a) = 100*a**3 + a**2 - a - 1. Let c be q(1). Calculate the greatest common factor of c and 66.
33
Let g(y) = y**3 - 6*y**2 + y - 3. Let o be g(6). Let q be (-10)/(-5) + 5*o. Calculate the greatest common factor of q and 68.
17
Suppose -168 = -5*j + j - 4*s, -2*j = -s - 78. Let n be 10*1*(-2)/4. Let i be (-52)/(-5) + 2/n. Calculate the greatest common divisor of j and i.
10
Let i = 87 - 61. Let o = 219 + -154. What is the highest common divisor of i and o?
13
Let c(b) be the first derivative of b**4/4 + 2*b**3/3 - b**2/2 + 2*b + 2. Let g be c(-3). Let w be 134/8 - 1/g. What is the highest common factor of 68 and w?
17
Suppose -3*y - 9 = -3*k, 0*k - 15 = -5*y - 5*k. Suppose -4*l - n + 33 = y, 0 = 3*l - 8*l + n + 48. What is the highest common factor of l and 3?
3
Let q = 195 - 35. Calculate the greatest common divisor of 16 and q.
16
Suppose 2*r + 429 = 5*r. Let s(z) = 6*z - 47. Let u be s(10). Calculate the greatest common divisor of r and u.
13
Suppose 0 = 6*a - 726 - 174. Calculate the greatest common divisor of a and 60.
30
Let c = -13 - -9. Let h(p) = -22*p + 4. Let y be h(c). What is the highest common factor of 23 and y?
23
Let p be (-321)/(-9) - (-1)/3. Let u(j) = -j. Let g be u(-4). Calculate the highest common divisor of p and g.
4
Let z be 1/4 + 15/4. Let j be (-24)/9*(-9)/z. Suppose -2*b - 52 = -f, -4*f = -2*f - b - 98. Calculate the greatest common factor of j and f.
6
Suppose c - 2 = -2*f, -3*f = -5*c + f + 24. Let d be ((-14)/c - -2)*-30. Calculate the highest common divisor of d and 9.
9
Suppose 5*d = 5*o - 22 + 137, o = -d + 17. What is the greatest common factor of 4 and d?
4
Let n = 20 + 16. What is the greatest common divisor of n and 90?
18
Suppose -5*m - 9 = -3*x + 157, 0 = 3*m + 15. Suppose -r + 45 + 57 = 0. Let i = r - x. Calculate the greatest common divisor of 11 and i.
11
Suppose -4*s = 8 + 4, 18 = 3*h - 4*s. Suppose 5*g - 9 = h*g. Let b = -2 + g. What is the greatest common factor of 1 and b?
1
Let j = 52 + -38. What is the greatest common divisor of j and 98?
14
Let r be (-1 + -3)/(2/(-3)). Calculate the highest common factor of r and 54.
6
Let x be (1 + 0 - -4)*(-34)/(-10). What is the greatest common factor of x and 1?
1
Let i = 24 - 16. Suppose -1 = x, -r + 2*x = 4*r - 7. Let w be r/(-1) - (-2)/1. Calculate the greatest common factor of i and w.
1
Let d(m) = 7*m - 3. Let a be d(5). Calculate the highest common divisor of 4 and a.
4
Let l(b) = -119*b. Let k be l(-1). Suppose -4*h - k = -3*a, 2*a - 2*h = -h + 86. What is the highest common factor of a and 5?
5
Let b(x) = 5*x**2 + 8*x + 13. Let t be b(-5). Calculate the highest common divisor of t and 14.
14
Let f(o) = o**3 - 4*o**2 - 6*o - 3. Let a be f(5). Let z be (a - -7)*(-50 - 1). Let k = z - 36. What is the highest common factor of 75 and k?
15
Suppose -i + 2*p = -3*i + 28, -2*i = p - 28. What is the greatest common factor of 98 and i?
14
Let q be 2/4 + 3/2. Suppose -5*a - 4*p = 84 - 300, -4*p = -q*a + 64. Suppose 4*v - 4*u = 20, -3*v - u = -v - 25. What is the greatest common factor of v and a?
10
Let s be ((-1)/1)/(1/(-3)). Suppose 0 = -2*v + l, -3*v - s = -4*v - l. What is the greatest common divisor of v and 1?
1
Let n be (-72)/16*28/(-6). What is the greatest common divisor of n and 147?
21
Suppose 3*l = 3*n - 21, 0*n - 2*l = 5*n. Suppose 1 = n*m - 2*q - 39, 8 = 2*q. What is the greatest common factor of 12 and m?
12
Let b be 4 + (-2)/((-6)/153). Calculate the highest common divisor of b and 22.
11
Let b be (10/(-6))/((-3)/9). Suppose -4*w - 1 = -b*d + 2, -5*w + 18 = d. Let j(k) = k + 27. Let t be j(0). What is the highest common divisor of t and w?
3
Suppose 2*i + 1 = 9. Suppose 6 = -4*a + 2*a, 2*h - i*a - 52 = 0. Calculate the greatest common factor of 10 and h.
10
Let u(p) = 6*p**2 + 2*p. Let l be u(-